+ 11 = -b - 84, 99 = 3*g + x*b. What is the remainder when g is divided by 11?
10
Let j(z) = -z - 3*z**2 + 3 + z**3 + 2 - 3*z**2. Let g be j(5). Let w = -13 - g. What is the remainder when 22 is divided by w?
10
Suppose -5*c + a = -0*c - 52, 2*c - 10 = -5*a. Let g be ((-2)/(-4))/((-13)/(-156)). Suppose -g = -4*m + c. What is the remainder when 11 is divided by m?
3
Suppose -3*x = -0*x - 45. Let j = 28 - x. Let c = j + -2. What is the remainder when 32 is divided by c?
10
Suppose s = 2 - 6. Let p = s - -7. Calculate the remainder when p is divided by 2.
1
Let b(l) = -l**2 - 16*l - 15. Calculate the remainder when b(-12) is divided by 5*2 + -1 + 0.
6
Let x(d) = -d**3 + 11*d**2 - 4. Let a be x(11). Let n(h) = -3*h - 4. Suppose -28 = -r - r. What is the remainder when r is divided by n(a)?
6
Suppose 2*g + 3*c + 5 + 2 = 0, -5*g = 4*c + 21. Let m(q) = -q**3 - 4*q**2 + 4. Calculate the remainder when m(g) is divided by 10.
9
Let y(o) = -4*o + 1. Let i(f) = 2*f**2 + 2*f + 3. Calculate the remainder when y(-3) is divided by i(-2).
6
Let t(f) = -f**2 - 12*f - 9. Let r = -6 - -13. What is the remainder when t(-7) is divided by r?
5
Let s = 84 - 61. What is the remainder when s is divided by 13?
10
Let z(j) = 12*j**2 - 1. Suppose -2*b = -0*b - 10. Suppose x - b = 6*x. What is the remainder when 20 is divided by z(x)?
9
Suppose 2*x - 7*x + 95 = 5*l, -115 = -5*l + 5*x. What is the remainder when l is divided by (9/2)/(3/8)?
9
Let i = 16 - 22. What is the remainder when i/4*222/(-9) is divided by 10?
7
Let d(n) = n + 1. Let x(z) = 2*z + 3. What is the remainder when x(5) is divided by d(4)?
3
Let q = -8 - -18. Calculate the remainder when (2 + 154)/6 - -3 is divided by q.
9
Let c = -8 + 13. Let m(g) be the third derivative of -g**5/60 - g**4/3 + g**3/2 + 3*g**2. Calculate the remainder when m(-5) is divided by c.
3
Suppose 5*z = -3*n + 57, 0 = 2*n + 2*z - z - 31. Let y = 7 - 4. Suppose -y*u + 120 = -0*u. Calculate the remainder when u is divided by n.
12
Let l = 0 - 0. Suppose w - 12 - 4 = l. Let r(m) = 47*m**2. What is the remainder when r(-1) is divided by w?
15
Let y = 4 - -78. What is the remainder when y is divided by 21?
19
Let i be (-13)/26 + (-79)/(-2). Suppose -2*b = b, 3*y - 2*b - i = 0. What is the remainder when 23 is divided by y?
10
Suppose 2*o - 4*h - 18 = 0, 2*h + 0*h + 5 = 5*o. Let z = 31 + o. Calculate the remainder when 87 is divided by z.
27
Suppose 5*k + t - 52 - 28 = 0, -3*k - 2*t + 48 = 0. Calculate the remainder when k is divided by (0 + (-12)/10)*-5.
4
Suppose 5*j = 13 + 37. What is the remainder when 29 is divided by j?
9
Suppose 0*f = 5*u + 2*f - 249, 60 = u - 3*f. Suppose -2*l + u = -l. What is the remainder when l is divided by 18?
15
Suppose 17 = c + 5*u, 2*u - 2 - 2 = c. What is the remainder when 4 is divided by c?
0
Suppose c = 1 + 1. Suppose 0 = c*k + 7 - 19. What is the remainder when 21 is divided by k?
3
Let m = 5 - 0. What is the remainder when 42 is divided by m + -2 + -4 + 12?
9
Suppose 5*p - 9 = 4*p. What is the remainder when 25 is divided by p?
7
What is the remainder when 54 is divided by 56/3 - 4/(-12)?
16
Let m be -7 - (-1 + (-2 - -3)). Let u = 4 - m. Let l(j) = -j**3 - 8*j**2 - 9*j + 7. Calculate the remainder when l(-7) is divided by u.
10
Let l(z) = z**3 + 4*z**2 - 4*z + 6. Let i(t) = -2*t + 3. Calculate the remainder when l(3) is divided by i(-6).
12
Let t be 3/4 + (-1)/(-4). Suppose -y = -4*s - t, -19 + 5 = -2*y - 4*s. Calculate the remainder when y is divided by 2.
1
Suppose -5*x - 2*d + 7*d + 25 = 0, -2*x = -3*d - 14. What is the remainder when x is divided by (-12)/(-18) - 1/(-3)?
0
Let j = -5 - -24. Calculate the remainder when j is divided by 5.
4
Suppose -5*k + 73 = 3*g - g, -4*k = g - 59. Calculate the remainder when 73 is divided by k.
13
What is the remainder when (-1)/2 + (-166)/(-4) is divided by 21?
20
Let p = 2 + 19. What is the remainder when p is divided by 8?
5
Suppose -13 = -m - j + 1, 0 = -3*m - 2*j + 41. Suppose 4*t = 3*t + m. What is the remainder when 1 - (-5)/(-3) - 116/(-3) is divided by t?
12
Let l(r) be the third derivative of -r**2 - 1/6*r**3 + 1/3*r**4 + 0 + 1/12*r**5 - 1/120*r**6 + 0*r. Calculate the remainder when 32 is divided by l(6).
10
Let p be 1/((-2)/40)*1. Let z = p + 34. Let c = z - -12. What is the remainder when 51 is divided by c?
25
Let y be (-3)/(-6) + (-55)/(-10). Let d(v) = -2*v - 3. Let b be d(-3). Let l = y - b. Calculate the remainder when 7 is divided by l.
1
Let n = 155 - 37. What is the remainder when n is divided by 40?
38
Let l(h) = 4 - 25*h + 5 + 0 + 24*h. Calculate the remainder when 62 is divided by l(-7).
14
Let g(z) = z + 29. Suppose -4*r = o - 14, 5*o + 30 = 5*r - 0*o. Suppose 7*m - 63 = r*m. Calculate the remainder when m is divided by g(-18).
10
What is the remainder when 1/1*(48 + -8) is divided by 21?
19
Suppose -o + 2*o + 83 = 2*r, -4*r + 4*o + 168 = 0. Let j = r + -21. Calculate the remainder when 59 is divided by j.
19
Let z = 3 - -2. Let w(q) = -2*q**2 + 64*q + 68. Calculate the remainder when z is divided by w(33).
1
Suppose 3 = -3*y + 4*y. Suppose 5*v - 50 = 2*j, v - y*j - 33 = -3*v. What is the remainder when 34 is divided by v?
10
Let q(s) = -s**2 + 8*s. Suppose 4*t + 5*a = -1, -2*t + 0*a = -3*a - 27. What is the remainder when 33 is divided by q(t)?
9
Let l be (-2 + 0)*-2*1. Calculate the remainder when 41 is divided by (-44)/(-2) - (-3 + l).
20
Suppose -6*c + c - 1 = -3*r, 2*c = 2*r - 2. What is the remainder when r/5 - (-96)/10 is divided by 6?
4
Let n(b) = -5*b + 7. Calculate the remainder when n(-3) is divided by (-37)/(-3) + (-2)/6.
10
Let u = 28 + -17. Calculate the remainder when (-1)/(1 - (-44)/(-42)) is divided by u.
10
Suppose -36 = -4*n + 5*x, -4*n = -x - 3*x - 32. Let z be (-28)/((2 - n)/6). Suppose z = -0*o + 2*o. Calculate the remainder when o is divided by 11.
9
Let v(o) = 9*o**2 - 4. What is the remainder when v(-3) is divided by 26?
25
Let w(t) = 10*t**2 - 1. Calculate the remainder when w(-1) is divided by 7 + -1*(2 - 0).
4
Let d(l) = -l**2 - 7*l - 6. Let h be (-6)/(-27) - 94/18. Let r be d(h). Suppose t = r*t - 6. What is the remainder when 5 is divided by t?
1
Let j(m) = -2*m**3 - 6*m**2 - 3*m + 7. Calculate the remainder when 30 is divided by j(-3).
14
What is the remainder when 40 is divided by 2/((-7)/((-63)/2))?
4
Let p(b) = -b**2 + 18*b - 4. Calculate the remainder when p(17) is divided by -3*2/(-1) - 3.
1
Let r be ((-4)/(-8))/(1/4). Suppose 63 = 5*h + 2*u, -2*h + 4*u + 8 = r. Calculate the remainder when 20 is divided by h.
9
Let q be (44/6)/(1/3). Calculate the remainder when 17 is divided by q/2 + (2 - 4).
8
Suppose d = -0*b - 2*b + 208, b = 4*d + 122. Let f = b - 47. Calculate the remainder when f is divided by (-3 - 2/(-2))*-10.
19
Suppose -28*g + 33*g = 100. What is the remainder when g is divided by 8?
4
Let t be 2/10 - 252/60. Suppose w - 4*w + 24 = 0. Calculate the remainder when t/w + (-33)/(-2) is divided by 9.
7
Suppose -p + 2*p - 24 = -2*n, -4*n + 3*p = -38. Calculate the remainder when 52 is divided by n.
8
Let s be 1 - 78/(-3) - -1. Suppose 0*r = 4*r - s. Calculate the remainder when 12 is divided by r.
5
Let y(v) = 50*v**3 - 2*v + 1. Suppose 0 = 3*u - 2*z - 20, u = -2*u + 5*z + 32. Suppose u*b = 5*b - 17. Calculate the remainder when y(1) is divided by b.
15
Let l be (-12)/(0 + -2) - 1. Suppose l*y = 18 + 17. Suppose -y = -4*x + 73. What is the remainder when x is divided by 7?
6
What is the remainder when 46 is divided by (18 - 6) + 1 + -1?
10
Let a(i) = 4*i**2 + 1. Let t be a(1). Let h(n) = -n**2 + 13*n + 2. Let v be h(15). Let p = t - v. Calculate the remainder when p is divided by 17.
16
Suppose 3*c - 279 = -3*l, -3*c + c + 221 = -5*l. What is the remainder when c is divided by 20?
18
Let n(d) = 6*d + 1. Let j be n(-1). Let a(z) = z**3 + 6*z**2 + 3*z - 6. Let m be a(j). Suppose -c - 57 = -m*c. What is the remainder when c is divided by 7?
5
Suppose -4*u = 11 + 17. Let j(i) = i + 8. Suppose -4*q + 5*h = -4, 2*h + 1 = q + 6*h. Calculate the remainder when j(u) is divided by q.
0
Let w = 7 + -10. What is the remainder when (-2 - w) + 9 + 3 is divided by 8?
5
Let r(o) = -o + 2. Let t(g) = -g**2 + 2*g - 1. Let s be t(-2). Calculate the remainder when 31 is divided by r(s).
9
Let p be ((-18)/(-4